*q - 640423 - 267988. What is the units digit of q?
2
Suppose -2*s + 5*s - 5052 = 0. Suppose 2*w - s = -3*g, -w - 46 = 2*g - 1169. What is the hundreds digit of g?
5
Let n(f) be the first derivative of -f**4/4 + f**3 + f**2/2 - 2*f - 23. What is the units digit of n(3)?
1
What is the hundreds digit of 28/42*20037/2?
6
Let q(s) be the second derivative of 4*s**4/3 + s**3/2 + 276*s. What is the tens digit of q(-2)?
5
Suppose 1325 = 16*l - 15*l. Suppose -3*h - 41 = 3*t - l, -5*t + 4*h = -2104. What is the tens digit of t?
2
Let x(y) = 6*y + 27. Let n be x(-7). Let u(a) = -37*a + 13. What is the hundreds digit of u(n)?
5
Let x(v) = 9*v**2 - 62*v + 40. What is the tens digit of x(18)?
4
Let l = 642 - 352. Let x = 472 - l. What is the hundreds digit of x?
1
Let t be (3 - (-117)/6)*4/5. Suppose 3*l + 694 = 2*v, 19*v - t*v = 5*l + 340. What is the tens digit of v?
5
Suppose 2*f - 22 = -4*s, -2*f + 17 = 3*s - f. Let u(y) be the first derivative of 11*y**2/2 + 20*y - 739. What is the tens digit of u(s)?
8
Let d(c) = 6 - 1 + 0 - 3*c + 4*c. Let k be d(-2). What is the tens digit of (-3)/(-9) + 122/k?
4
Let p(x) = 41*x**2 - 20*x + 59. Suppose -5*r = -4*r - 2*z + 5, -35 = -2*r - 5*z. What is the hundreds digit of p(r)?
9
Suppose -t = -2 + 2. Let c be -2 + -5 + 7 + (t - -2). What is the units digit of (-34)/c*-7*1 + -2?
7
Let u = 2574 + -1686. Suppose -65*p + u = -57*p. What is the hundreds digit of p?
1
Let b be 5*8 - (5 - 4). Suppose 17*l + 4953 = 56*l. Let d = l - b. What is the units digit of d?
8
Suppose r + 348 = 7*r. Let n = 62 - r. What is the units digit of (516/24)/(1/n - 0)?
6
Suppose -3*t + 4*f + 33372 = 0, 4*f - 55556 = 8*t - 13*t. What is the hundreds digit of t?
1
Let c(x) = -82623*x - 236. What is the ten thousands digit of c(-1)?
8
Suppose -5*p + 111923 = 3*g, -2*g - 80159 = -3*p - 13009. What is the tens digit of p?
8
Suppose -217*r + 92918 = -50736. What is the units digit of r?
2
Let h(x) = -x**3 - 14*x**2 - 9*x - 44. Let f be h(-13). Let p = 94 + f. What is the tens digit of (5*p)/(0 - 6/42)?
7
Let j(w) = 3*w**3 - 11*w**2 + 48*w - 5. What is the tens digit of j(12)?
7
Suppose 5*b + 175 = -505. What is the hundreds digit of 14720/17 - ((-528)/b + -4)?
8
Suppose 11 = 2*p + 3. Suppose 0 = i + p - 1, 3*i + 18 = 3*m. Suppose r - 2*x = 2*r, r + m*x + 4 = 0. What is the units digit of r?
8
Suppose -116*f + 119*f - 10401 = 0. Suppose -2797 = -8*m + f. What is the tens digit of m?
8
Let q(h) = 2*h**2 - 17*h + 22. Let a be q(8). Suppose 0 = a*c - 13*c - 638. What is the tens digit of c?
3
Let t(b) be the first derivative of 2*b**3/3 - 14*b**2 - 24*b - 94. What is the tens digit of t(20)?
1
Suppose 0 = 4*w - o - 2, -5 = -2*w + 5*o + 5. Suppose w = x - 28 - 337. What is the tens digit of x?
6
Let r = 11 - 15. Let v be (r + 312/4)*(2 - 0). Suppose -4*t = 5*d - 335, 4*t + v = 5*d + 533. What is the tens digit of t?
9
Let n(c) = 20*c**2 + 37*c - 57. What is the thousands digit of n(20)?
8
Suppose 2*o - 156 = 17*m - 20*m, -117 = -2*m + 3*o. What is the tens digit of (2 + (-126)/(-4))/(3/m)?
0
Suppose -l - 3*f + 1880 + 20323 = 0, 0 = -5*l + 5*f + 110995. What is the units digit of l?
0
Suppose -17 = 4*b + 4*h + 67, 4*h = -4. Let g = 11 + -15. What is the units digit of g/30*(-14 - b)*-10?
8
Let r(o) = -43*o - 43. Let i(v) = -2*v. Let p(s) = -i(s) - r(s). Let q be p(-7). Let j = q - -438. What is the tens digit of j?
6
Let h be (-502)/22 - ((-168)/44 - -4). Let r = -18 - h. Suppose -x + 224 = -3*f + 48, 0 = -r*x + 5*f + 900. What is the hundreds digit of x?
1
Suppose 0*v = 5*v + 5, 4*u = 4*v + 24. What is the hundreds digit of (-3360)/(-4 + -3) + u?
4
Suppose 6*z = 10*z - 5*z + 10703. What is the ten thousands digit of z?
1
Let x = 122 - 116. Suppose u = -4*i + 1625, 0 = 9*u - x*u + i - 4831. What is the thousands digit of u?
1
Let o(p) = -66*p + 74. Let s be o(19). What is the tens digit of (2/1)/(-1 - 1185/s)?
7
Suppose 0 = 67*x + 134*x - 324300 + 59985. What is the units digit of x?
5
Let i be ((-2)/(-8))/(2/1208). Suppose a = 3*u + i, -a - 3*a + 604 = 5*u. What is the hundreds digit of a - (0/(-2) + -1)?
1
Let h = 3159 - -10802. What is the ten thousands digit of h?
1
Let n = 1 + 2. Suppose -1329 = -3*v + n*b, -4*v - b = -6*b - 1771. What is the units digit of v?
4
Suppose 5*s + 899 - 934 = 0. Suppose s*x - 4654 = 92. What is the hundreds digit of x?
6
Suppose -9*k + 370609 = -71125 - 152563. What is the tens digit of k?
3
What is the hundreds digit of (0 - 18/(-10))/((-393)/(-6362670))?
1
Let k(d) = 44*d**2 - 42*d + 189. What is the ten thousands digit of k(17)?
1
Suppose -77*r + 72*r - 5*v + 174965 = 0, 4*v = 3*r - 104923. What is the tens digit of r?
8
Let z = 17884 + -9979. What is the units digit of z?
5
Let j = -77 + 171. Let p = -33 + j. Let c = p - 34. What is the tens digit of c?
2
Suppose 0 = 47*y - 44*y. Suppose -3*c = d - 175 - 243, y = 5*d + c - 2076. What is the tens digit of d?
1
Suppose 0 = 54*s - 2391797 - 1373341 + 982896. What is the thousands digit of s?
1
Suppose -350*l + 16932 + 87909 = -176209. What is the tens digit of l?
0
Let w(l) = 2771*l + 464. What is the units digit of w(4)?
8
Let i be ((-15)/(-4))/(9/60). Let z = -26 + i. What is the units digit of z/4 + (-1444)/(-16)?
0
Suppose 0 = z + 11*z - 4680. What is the tens digit of 297900/z - (-2)/13?
6
Suppose -82*y + 58*y + 99144 = 0. What is the units digit of y?
1
Suppose 12*h + 2041 = -323. Let k = h + 212. What is the tens digit of k?
1
Let b = -584 + 4. Let m = b + 1022. What is the hundreds digit of m?
4
Let u = 147981 - 96740. What is the units digit of u?
1
Let m be (-2)/(-4) - 1*(-6)/4. Suppose w + 12 = -m*w. What is the hundreds digit of (44/(-33))/(w/546)?
1
Let w = 41 + -52. Let d(u) = u**2 + 8*u - 24. Let t be d(w). Suppose 0 = -13*c + t*c + 372. What is the units digit of c?
3
Let l = -328 - -702. Let s = 735 - l. What is the hundreds digit of s?
3
Suppose 0 = 3*u - j - 4104, -u - 2*j = -5*j - 1368. Suppose -t + 284 = 8*l - 6*l, -5*t = -3*l - u. What is the units digit of t?
6
Suppose 3*x = -5*g + 5940, 3*g + 4969 + 2951 = 4*x. What is the units digit of x?
0
Let z(a) = -157*a**3 + 2*a**2 - 31*a - 6. What is the hundreds digit of z(-4)?
1
Let x be 2/(-2*2/1088 + 0). Let z = x + 1092. Suppose -4*p = -4*f - z, 5*p - 1009 + 320 = 4*f. What is the tens digit of p?
4
Let y = 191 + -148. Let w(p) = 3*p + 3. What is the units digit of w(y)?
2
What is the ten thousands digit of (-3381)/(-161) - 907*-47?
4
What is the tens digit of (-3115833)/(-147) - (-4)/(-28)?
9
Let q = -41 - -57. Let z be ((-25)/2)/((-4)/q). Suppose w = -3*p + 88, -2*p - 6*w = -w - z. What is the tens digit of p?
3
Let s be 3158/10 - (-19)/95. Let w be -87*60/(-9) - 2. Let i = w - s. What is the tens digit of i?
6
Let s = -2601 - -4870. Suppose -s = 12*u - 16693. What is the thousands digit of u?
1
Let k = -2904 - -12939. What is the ten thousands digit of k?
1
Suppose -192*k = -201*k + 133956. What is the thousands digit of k?
4
Let u be 947/(-4) - (-10)/(-40). Let z = -16 - u. What is the hundreds digit of z?
2
Let f = -198 + 205. What is the units digit of ((-7668)/497)/((-1)/f)?
8
Let t(n) = -89*n - 19. Let g be t(-5). Let d be ((-8)/(-12))/(4/g). Let y = d - -2. What is the tens digit of y?
7
Suppose 61034 - 16877 = o - 3*l, -2*o + l = -88274. What is the tens digit of o?
3
Let y(v) = v**3 + 6*v**2 + 2*v - 15. Let x be y(-5). Suppose l + 601 = p, 3*p + l - 2*l - 1813 = x. What is the hundreds digit of p?
6
Let b be 12/54 - (-106)/9. Suppose n + n - b = 0. What is the tens digit of (-1 + 33/2)*n?
9
Let q(l) = -11*l - 139. Let n be q(-33). Let j = 918 - n. What is the hundreds digit of j?
6
Suppose 0 = -5*w - 3*u + 60329, -21*w + 26*w = -5*u + 60345. What is the ten thousands digit of w?
1
Let f = 75 + -90. Let t = -7 - f. Suppose -t*k = -3*k - 970. What is the hundreds digit of k?
1
Let v be -2*((-867)/6 - 2). Suppose -229 = -9*l + v. Let f = l - -136. What is the hundreds digit of f?
1
Suppose 178 + 807 = 5*j. Suppose a = p + j, 10 = -2*p - 0. Suppose a + 147 = 3*w. What is the tens digit of w?
1
Let u(i) = -5*i - 24. Let b be u(-5). Let x(a) = 117*a - b - 4 - 40*a - 52*a. What is the tens digit of x(5)?
2
Let z = -1206 + 1211. Let m(c) = -c**2 + 6*c - 1. Let j be m(4). Suppose z*n = j*n - 